{"id":287,"date":"2017-01-24T04:56:24","date_gmt":"2017-01-24T04:56:24","guid":{"rendered":"https:\/\/motors.stylemixthemes.com\/?page_id=287"},"modified":"2024-10-11T15:50:15","modified_gmt":"2024-10-11T15:50:15","slug":"politik","status":"publish","type":"page","link":"https:\/\/freres-car.com\/de\/policy\/","title":{"rendered":"Politik"},"content":{"rendered":"<div data-elementor-type=\"wp-page\" data-elementor-id=\"287\" class=\"elementor elementor-287\" data-elementor-post-type=\"page\">\n\t\t\t\t\t\t<section class=\"elementor-section elementor-top-section elementor-element elementor-element-821fb29 elementor-section-boxed elementor-section-height-default elementor-section-height-default\" data-id=\"821fb29\" data-element_type=\"section\" data-e-type=\"section\">\n\t\t\t\t\t\t<div class=\"elementor-container elementor-column-gap-default\">\n\t\t\t\t\t<div class=\"elementor-column elementor-col-100 elementor-top-column elementor-element elementor-element-e1d35b8\" data-id=\"e1d35b8\" data-element_type=\"column\" data-e-type=\"column\">\n\t\t\t<div class=\"elementor-widget-wrap elementor-element-populated\">\n\t\t\t\t\t\t<div class=\"elementor-element elementor-element-ca8b2f4 elementor-widget elementor-widget-text-editor\" data-id=\"ca8b2f4\" data-element_type=\"widget\" data-e-type=\"widget\" data-widget_type=\"text-editor.default\">\n\t\t\t\t<div class=\"elementor-widget-container\">\n\t\t\t\t\t\t\t\t\t<h4><span style=\"letter-spacing: 0px;\">ANNULLIERUNG<\/span><\/h4>\n<p><strong>M\u00fcssen Sie stornieren?&nbsp;<\/strong><\/p>\n<p>Pl\u00e4ne \u00e4ndern sich und wir verstehen das. Stornieren Sie Ihre Reservierung schnell, indem Sie sich mit unserem Team in Verbindung setzen. Wenn Sie Ihre Reservierung mindestens 48 Stunden vor dem Anmietdatum stornieren, \u00fcbernehmen wir die Kosten - keine Geb\u00fchren, nur Seelenfrieden. Sie erhalten sofort eine Best\u00e4tigung und eine vollst\u00e4ndige R\u00fcckerstattung.<\/p>\n<p><strong>Telephon | WhatsApp : <a style=\"background-color: #f9f9f9; outline: 0px; align-items: var(--icon-vertical-align,center); width: 136.775px; font-family: Roboto, sans-serif; display: inline !important;\" href=\"https:\/\/web.whatsapp.com\/send?phone=212661735256&amp;text=Hello%2C%20I%20am%20contacting%20you%20about%20car%20rental%20from%20https%3A%2F%2Ffreres-car.com%2Ffr%2F.\"><span class=\"elementor-icon-list-text\" style=\"align-self: center; padding-inline-start: 5px; color: var( --e-global-color-primary ); transition: color 0.3s; display: inline !important;\">+212 661735256<\/span><\/a><\/strong><\/p>\t\t\t\t\t\t\t\t<\/div>\n\t\t\t\t<\/div>\n\t\t\t\t\t<\/div>\n\t\t<\/div>\n\t\t\t\t\t<\/div>\n\t\t<\/section>\n\t\t\t\t<\/div>","protected":false},"excerpt":{"rendered":"<p>CANCELLATION Need to Cancel?&nbsp; Plans change, and we understand. Cancel your reservation quickly by reaching out to our team. If you cancel at least 48 hours before your rental date, it\u2019s on us\u2014no fees, just peace of mind. You&#8217;ll receive a confirmation and a full refund right away. T\u00e9l\u00e9phone | WhatsApp : +212 661735256<\/p>","protected":false},"author":1,"featured_media":0,"parent":0,"menu_order":0,"comment_status":"closed","ping_status":"closed","template":"elementor_header_footer","meta":{"footnotes":""},"class_list":["post-287","page","type-page","status-publish","hentry"],"_links":{"self":[{"href":"https:\/\/freres-car.com\/de\/wp-json\/wp\/v2\/pages\/287","targetHints":{"allow":["GET"]}}],"collection":[{"href":"https:\/\/freres-car.com\/de\/wp-json\/wp\/v2\/pages"}],"about":[{"href":"https:\/\/freres-car.com\/de\/wp-json\/wp\/v2\/types\/page"}],"author":[{"embeddable":true,"href":"https:\/\/freres-car.com\/de\/wp-json\/wp\/v2\/users\/1"}],"replies":[{"embeddable":true,"href":"https:\/\/freres-car.com\/de\/wp-json\/wp\/v2\/comments?post=287"}],"version-history":[{"count":0,"href":"https:\/\/freres-car.com\/de\/wp-json\/wp\/v2\/pages\/287\/revisions"}],"wp:attachment":[{"href":"https:\/\/freres-car.com\/de\/wp-json\/wp\/v2\/media?parent=287"}],"curies":[{"name":"wp","href":"https:\/\/api.w.org\/{rel}","templated":true}]}}

<div data-elementor-type="wp-page" data-elementor-id="287" class="elementor elementor-287" data-elementor-post-type="page">
						<section class="elementor-section elementor-top-section elementor-element elementor-element-821fb29 elementor-section-boxed elementor-section-height-default elementor-section-height-default" data-id="821fb29" data-element_type="section" data-e-type="section">
						<div class="elementor-container elementor-column-gap-default">
					<div class="elementor-column elementor-col-100 elementor-top-column elementor-element elementor-element-e1d35b8" data-id="e1d35b8" data-element_type="column" data-e-type="column">
			<div class="elementor-widget-wrap elementor-element-populated">
						<div class="elementor-element elementor-element-ca8b2f4 elementor-widget elementor-widget-text-editor" data-id="ca8b2f4" data-element_type="widget" data-e-type="widget" data-widget_type="text-editor.default">
				<div class="elementor-widget-container">
									<h4><span style="letter-spacing: 0px;">ANNULLIERUNG</span></h4>
<p><strong>Müssen Sie stornieren?&nbsp;</strong></p>
<p>Pläne ändern sich und wir verstehen das. Stornieren Sie Ihre Reservierung schnell, indem Sie sich mit unserem Team in Verbindung setzen. Wenn Sie Ihre Reservierung mindestens 48 Stunden vor dem Anmietdatum stornieren, übernehmen wir die Kosten - keine Gebühren, nur Seelenfrieden. Sie erhalten sofort eine Bestätigung und eine vollständige Rückerstattung.</p>
<p><strong>Telephon | WhatsApp : <a style="background-color: #f9f9f9; outline: 0px; align-items: var(--icon-vertical-align,center); width: 136.775px; font-family: Roboto, sans-serif; display: inline !important;" href="https://web.whatsapp.com/send?phone=212661735256&amp;text=Hello%2C%20I%20am%20contacting%20you%20about%20car%20rental%20from%20https%3A%2F%2Ffreres-car.com%2Ffr%2F."><span class="elementor-icon-list-text" style="align-self: center; padding-inline-start: 5px; color: var( --e-global-color-primary ); transition: color 0.3s; display: inline !important;">+212 661735256</span></a></strong></p>								</div>
				</div>
					</div>
		</div>
					</div>
		</section>
				</div>

<p>CANCELLATION Need to Cancel?&nbsp; Plans change, and we understand. Cancel your reservation quickly by reaching out to our team. If you cancel at least 48 hours before your rental date, it’s on us—no fees, just peace of mind. You&#8217;ll receive a confirmation and a full refund right away. Téléphone | WhatsApp : +212 661735256</p>
