{"id":923,"date":"2024-10-04T19:05:48","date_gmt":"2024-10-04T19:05:48","guid":{"rendered":"https:\/\/staging.freres-car.com\/?post_type=product&#038;p=923"},"modified":"2026-02-05T14:17:44","modified_gmt":"2026-02-05T14:17:44","slug":"dacia-dokker","status":"publish","type":"product","link":"https:\/\/freres-car.com\/de\/dacia-dokker\/","title":{"rendered":"Dacia Dokker"},"content":{"rendered":"<p>Der Dacia Dokker ist eine praktische und zuverl\u00e4ssige Option f\u00fcr die Autovermietung, insbesondere f\u00fcr diejenigen, die mehr Platz und Nutzwert ben\u00f6tigen. Dieser kompakte Van bietet einen ger\u00e4umigen Innenraum mit flexibler Sitzanordnung und erm\u00f6glicht den bequemen Transport von Passagieren und Fracht. Sein effizienter Kraftstoffverbrauch sorgt f\u00fcr Kosteneffizienz bei Kurztrips oder l\u00e4ngeren Fahrten. Mit seinem geradlinigen Design und den erschwinglichen Mietpreisen ist der Dacia Dokker eine sinnvolle Wahl f\u00fcr Privatpersonen und Unternehmen, die ein vielseitiges und budgetfreundliches Mietfahrzeug suchen.<\/p>","protected":false},"excerpt":{"rendered":"<p>Der Dacia Dokker ist eine praktische und zuverl\u00e4ssige Option f\u00fcr die Autovermietung, insbesondere f\u00fcr diejenigen, die mehr Platz und Nutzwert ben\u00f6tigen. Dieser kompakte Van bietet einen ger\u00e4umigen Innenraum mit flexibler Sitzanordnung und erm\u00f6glicht den bequemen Transport von Passagieren und Fracht. Sein effizienter Kraftstoffverbrauch sorgt f\u00fcr Kosteneffizienz bei Kurztrips oder l\u00e4ngeren Fahrten. Mit seinem geradlinigen Design und den erschwinglichen Mietpreisen ist der Dacia Dokker eine sinnvolle Wahl f\u00fcr Privatpersonen und Unternehmen, die ein vielseitiges und budgetfreundliches Mietfahrzeug suchen.<\/p>","protected":false},"featured_media":934,"comment_status":"open","ping_status":"closed","template":"","meta":[],"product_brand":[],"product_cat":[29],"product_tag":[],"class_list":{"0":"post-923","1":"product","2":"type-product","3":"status-publish","4":"has-post-thumbnail","6":"product_cat-diesel","8":"first","9":"instock","10":"shipping-taxable","11":"purchasable","12":"product-type-simple"},"_links":{"self":[{"href":"https:\/\/freres-car.com\/de\/wp-json\/wp\/v2\/product\/923","targetHints":{"allow":["GET"]}}],"collection":[{"href":"https:\/\/freres-car.com\/de\/wp-json\/wp\/v2\/product"}],"about":[{"href":"https:\/\/freres-car.com\/de\/wp-json\/wp\/v2\/types\/product"}],"replies":[{"embeddable":true,"href":"https:\/\/freres-car.com\/de\/wp-json\/wp\/v2\/comments?post=923"}],"version-history":[{"count":0,"href":"https:\/\/freres-car.com\/de\/wp-json\/wp\/v2\/product\/923\/revisions"}],"wp:featuredmedia":[{"embeddable":true,"href":"https:\/\/freres-car.com\/de\/wp-json\/wp\/v2\/media\/934"}],"wp:attachment":[{"href":"https:\/\/freres-car.com\/de\/wp-json\/wp\/v2\/media?parent=923"}],"wp:term":[{"taxonomy":"product_brand","embeddable":true,"href":"https:\/\/freres-car.com\/de\/wp-json\/wp\/v2\/product_brand?post=923"},{"taxonomy":"product_cat","embeddable":true,"href":"https:\/\/freres-car.com\/de\/wp-json\/wp\/v2\/product_cat?post=923"},{"taxonomy":"product_tag","embeddable":true,"href":"https:\/\/freres-car.com\/de\/wp-json\/wp\/v2\/product_tag?post=923"}],"curies":[{"name":"wp","href":"https:\/\/api.w.org\/{rel}","templated":true}]}}

<p>Der Dacia Dokker ist eine praktische und zuverlässige Option für die Autovermietung, insbesondere für diejenigen, die mehr Platz und Nutzwert benötigen. Dieser kompakte Van bietet einen geräumigen Innenraum mit flexibler Sitzanordnung und ermöglicht den bequemen Transport von Passagieren und Fracht. Sein effizienter Kraftstoffverbrauch sorgt für Kosteneffizienz bei Kurztrips oder längeren Fahrten. Mit seinem geradlinigen Design und den erschwinglichen Mietpreisen ist der Dacia Dokker eine sinnvolle Wahl für Privatpersonen und Unternehmen, die ein vielseitiges und budgetfreundliches Mietfahrzeug suchen.</p>
