{"id":923,"date":"2024-10-04T19:05:48","date_gmt":"2024-10-04T19:05:48","guid":{"rendered":"https:\/\/staging.freres-car.com\/?post_type=product&#038;p=923"},"modified":"2026-02-05T14:17:44","modified_gmt":"2026-02-05T14:17:44","slug":"dacia-dokker","status":"publish","type":"product","link":"https:\/\/freres-car.com\/fr\/dacia-dokker\/","title":{"rendered":"Dacia Dokker"},"content":{"rendered":"<p>Le Dacia Dokker est une option pratique et fiable pour la location de voitures, en particulier pour ceux qui ont besoin de plus d'espace et d'utilit\u00e9. Cette fourgonnette compacte offre un int\u00e9rieur spacieux avec des si\u00e8ges flexibles, ce qui permet de transporter confortablement les passagers et les marchandises. Sa consommation de carburant efficace assure une rentabilit\u00e9 lors de trajets courts ou prolong\u00e9s. Avec son design simple et ses tarifs de location abordables, le Dacia Dokker est un choix judicieux pour les particuliers et les entreprises \u00e0 la recherche d'un v\u00e9hicule de location polyvalent et \u00e9conomique.<\/p>","protected":false},"excerpt":{"rendered":"<p>Le Dacia Dokker est une option pratique et fiable pour la location de voitures, en particulier pour ceux qui ont besoin de plus d'espace et d'utilit\u00e9. Cette fourgonnette compacte offre un int\u00e9rieur spacieux avec des si\u00e8ges flexibles, ce qui permet de transporter confortablement les passagers et les marchandises. Sa consommation de carburant efficace assure une rentabilit\u00e9 lors de trajets courts ou prolong\u00e9s. Avec son design simple et ses tarifs de location abordables, le Dacia Dokker est un choix judicieux pour les particuliers et les entreprises \u00e0 la recherche d'un v\u00e9hicule de location polyvalent et \u00e9conomique.<\/p>","protected":false},"featured_media":934,"comment_status":"open","ping_status":"closed","template":"","meta":[],"product_brand":[],"product_cat":[29],"product_tag":[],"class_list":{"0":"post-923","1":"product","2":"type-product","3":"status-publish","4":"has-post-thumbnail","6":"product_cat-diesel","8":"first","9":"instock","10":"shipping-taxable","11":"purchasable","12":"product-type-simple"},"_links":{"self":[{"href":"https:\/\/freres-car.com\/fr\/wp-json\/wp\/v2\/product\/923","targetHints":{"allow":["GET"]}}],"collection":[{"href":"https:\/\/freres-car.com\/fr\/wp-json\/wp\/v2\/product"}],"about":[{"href":"https:\/\/freres-car.com\/fr\/wp-json\/wp\/v2\/types\/product"}],"replies":[{"embeddable":true,"href":"https:\/\/freres-car.com\/fr\/wp-json\/wp\/v2\/comments?post=923"}],"version-history":[{"count":0,"href":"https:\/\/freres-car.com\/fr\/wp-json\/wp\/v2\/product\/923\/revisions"}],"wp:featuredmedia":[{"embeddable":true,"href":"https:\/\/freres-car.com\/fr\/wp-json\/wp\/v2\/media\/934"}],"wp:attachment":[{"href":"https:\/\/freres-car.com\/fr\/wp-json\/wp\/v2\/media?parent=923"}],"wp:term":[{"taxonomy":"product_brand","embeddable":true,"href":"https:\/\/freres-car.com\/fr\/wp-json\/wp\/v2\/product_brand?post=923"},{"taxonomy":"product_cat","embeddable":true,"href":"https:\/\/freres-car.com\/fr\/wp-json\/wp\/v2\/product_cat?post=923"},{"taxonomy":"product_tag","embeddable":true,"href":"https:\/\/freres-car.com\/fr\/wp-json\/wp\/v2\/product_tag?post=923"}],"curies":[{"name":"wp","href":"https:\/\/api.w.org\/{rel}","templated":true}]}}

<p>Le Dacia Dokker est une option pratique et fiable pour la location de voitures, en particulier pour ceux qui ont besoin de plus d'espace et d'utilité. Cette fourgonnette compacte offre un intérieur spacieux avec des sièges flexibles, ce qui permet de transporter confortablement les passagers et les marchandises. Sa consommation de carburant efficace assure une rentabilité lors de trajets courts ou prolongés. Avec son design simple et ses tarifs de location abordables, le Dacia Dokker est un choix judicieux pour les particuliers et les entreprises à la recherche d'un véhicule de location polyvalent et économique.</p>
